{"id":294,"date":"2018-12-21T13:42:17","date_gmt":"2018-12-21T12:42:17","guid":{"rendered":"https:\/\/neonatologia.ump.edu.pl\/?page_id=294"},"modified":"2024-10-25T11:27:11","modified_gmt":"2024-10-25T09:27:11","slug":"strona-glowna","status":"publish","type":"page","link":"https:\/\/neonatologia.ump.edu.pl\/","title":{"rendered":"Strona g\u0142\u00f3wna"},"content":{"rendered":"<p>&nbsp;<\/p>\n<p>Witamy na stronie Katedry Neonatologii&nbsp;<br \/>\nUniwersytetu Medycznego&nbsp;im. Karola Marcinkowskiego w Poznaniu<br \/>\n&nbsp;<br \/>\nW sk\u0142ad Katedry wchodz\u0105:<br \/>\n1. Klinika Neonatologii I :&nbsp;<br \/>\nOddzia\u0142 Intensywnej Opieki Noworodka&nbsp;<br \/>\nOddzia\u0142 Po\u015bredniej Opieki Noworodka&nbsp;<br \/>\nOddzia\u0142 Ci\u0105g\u0142ej Opieki Noworodka&nbsp;<br \/>\n2. Klinika Neonatologii II<br \/>\nNasz adres:<br \/>\nKatedra Neonatologii UM w Poznaniu<br \/>\nUl. Polna 33<br \/>\n60-535 Pozna\u0144<br \/>\nKlinika Neonatologii I- Poziom B4&nbsp;<\/p>\n<p>Klinika Neonatologii II &#8211; Poziom A2 a nast\u0119pnie wind\u0105 na 3 pi\u0119tro.<\/p>\n","protected":false},"excerpt":{"rendered":"<p>&nbsp; Witamy na stronie Katedry Neonatologii&nbsp; Uniwersytetu Medycznego&nbsp;im. Karola Marcinkowskiego w Poznaniu &nbsp; W sk\u0142ad Katedry wchodz\u0105: 1. Klinika Neonatologii I :&nbsp; Oddzia\u0142 Intensywnej Opieki Noworodka&nbsp; Oddzia\u0142 Po\u015bredniej Opieki Noworodka&nbsp; Oddzia\u0142 Ci\u0105g\u0142ej Opieki Noworodka&nbsp; 2. Klinika Neonatologii II Nasz adres: Katedra Neonatologii UM w Poznaniu Ul. Polna 33 60-535 Pozna\u0144 Klinika Neonatologii I- Poziom B4&nbsp; [&hellip;]<\/p>\n","protected":false},"author":2,"featured_media":0,"parent":0,"menu_order":0,"comment_status":"closed","ping_status":"closed","template":"","meta":{"ngg_post_thumbnail":0,"footnotes":""},"class_list":["post-294","page","type-page","status-publish","hentry"],"_links":{"self":[{"href":"https:\/\/neonatologia.ump.edu.pl\/index.php\/wp-json\/wp\/v2\/pages\/294","targetHints":{"allow":["GET"]}}],"collection":[{"href":"https:\/\/neonatologia.ump.edu.pl\/index.php\/wp-json\/wp\/v2\/pages"}],"about":[{"href":"https:\/\/neonatologia.ump.edu.pl\/index.php\/wp-json\/wp\/v2\/types\/page"}],"author":[{"embeddable":true,"href":"https:\/\/neonatologia.ump.edu.pl\/index.php\/wp-json\/wp\/v2\/users\/2"}],"replies":[{"embeddable":true,"href":"https:\/\/neonatologia.ump.edu.pl\/index.php\/wp-json\/wp\/v2\/comments?post=294"}],"version-history":[{"count":4,"href":"https:\/\/neonatologia.ump.edu.pl\/index.php\/wp-json\/wp\/v2\/pages\/294\/revisions"}],"predecessor-version":[{"id":918,"href":"https:\/\/neonatologia.ump.edu.pl\/index.php\/wp-json\/wp\/v2\/pages\/294\/revisions\/918"}],"wp:attachment":[{"href":"https:\/\/neonatologia.ump.edu.pl\/index.php\/wp-json\/wp\/v2\/media?parent=294"}],"curies":[{"name":"wp","href":"https:\/\/api.w.org\/{rel}","templated":true}]}}